f -11 - (6 - (27 + -18))?
-8
Calculate (164 - 144) + 0 + -57.
-37
(5 - -1) + 4 + -12
-2
What is -4 - (0 + 17) - -4 - (24 + -29)?
-12
Evaluate -152 + 156 + (13 - -2) + 0 - 4.
15
What is -1 - (-7 - (-9 - 27))?
-30
Evaluate 21 - (-11 - (-13 + 1)).
20
2 + (25 - 33) + -8
-14
-1 + 7 - ((16 - 2 - 5) + 3)
-6
What is the value of -22 + (8 - (-24 + 10))?
0
What is the value of (-10 - (3 + 0 + -7)) + 0 + 8?
2
21 + -1 + (-64 - -29)
-15
What is 3 + (7 - 17) + (41 - 35)?
-1
Calculate 2 + -14 - (9 - 14 - -5).
-12
Evaluate 8 + (-11 - (-25 - -11)) + 6.
17
What is the value of (2 - (8 - -2)) + (126 - 111)?
7
Calculate -11 - (-18 + 4) - -6 - (-2 - 4).
15
What is the value of (7 - 12 - -18 - (-1 + 2)) + -6?
6
Calculate (9 - 11) + -3 + 4 + -1 + -2.
-4
-3 + (11 - ((-6 - -4) + 4) - 8)
-2
Calculate -17 + 50 + -16 + -3.
14
What is (9 - -3 - 11 - -28) + -9?
20
What is -21 - (6 + 4 - 6 - (0 - 0))?
-25
Calculate -4 - (571 - 569 - (0 - -1 - 4)).
-9
Evaluate 6 + -8 - (-16 - (-20 + 4)).
-2
-1 + (22 - 24) + 23
20
What is the value of -9 - (-8 - -9 - (7 + -12))?
-15
What is the value of 0 + -5 + 42 + -26?
11
8 + (10 - (31 + 9 + -12))
-10
Evaluate -9 + -26 + 38 - (1 - (1 + 6)).
9
Calculate 1 - (1 + 11 - 4).
-7
-3 + 12 + 7 - 10
6
-1 + 3 + (56 + -77 - (-11 + 0))
-8
(2 - 9) + (-6 - -17) + 7
11
What is the value of 279 + -274 + (0 - 15)?
-10
Evaluate -6 - (1 - -2) - (-7 - 0).
-2
(-33 - -70) + -21 + -28
-12
What is the value of 13 - -13 - (3 - -6)?
17
Evaluate 16 - (21 + -32 - -4).
23
Calculate 96 - 91 - (0 + 2 + -3 + -2).
8
Evaluate (12 - 14) + (-5 - (-2 - -3)) + 3.
-5
What is the value of -10 + 17 - 15 - (13 + -21)?
0
What is the value of 11 + 5 + 8 + -20 + 2 + 2?
8
What is 9 + 5 + -18 - 6?
-10
What is 28 - 5 - 53 - -12?
-18
What is 4 + (9 + 17 - 4) + (2 - 0)?
28
Calculate 9 + 2 + 32 - 25.
18
What is -4 + 9 + (2 - -5)?
12
-50 + (30 - (15 - 0)) - -6
-29
Evaluate (555 - 548) + -1 + -2.
4
Evaluate 7 - (-8 + -1 + 7 + -9 + 32).
-14
-14 + (10 - -5) + 3 + -1 + -12
-9
What is the value of (-476 - -491) + -2 + (-2 - -2 - 0)?
13
Evaluate (1 + -1 - -2) + -10 + 32 + -16.
8
What is (-5 - (-11 - -3)) + -3?
0
What is -35 + -30 + -19 + 75?
-9
Calculate 1 - (-4 + -8 + 1 + -48 + 50).
10
What is the value of 3 + 31 - 14 - (19 - 11)?
12
Calculate -1538 + 1554 - (17 + (-1 - -2)).
-2
What is (480 + -474 - (1 - 12)) + -15?
2
40 + -48 - (-12 + -2)
6
5 + (73 - 77) + (-2 + 18 - -1)
18
What is -2 + -1 - 20 - (-80 + 74)?
-17
41 + -15 + -12 + 20 + -5
29
Calculate -13 + 33 + -17 + -24.
-21
Calculate 0 + 7 + (1 - 8) - 7.
-7
What is the value of -1 - ((5 - 13 - -12) + -3)?
-2
-11 + 27 + -2 + -21 + 21
14
Evaluate -22 + (-3 - 0) - (8 + -13 + -2).
-18
What is 14 + 1 + -27 - -19 - -12?
19
Calculate -32 + -8 + (-31 - -91).
20
Evaluate 63 + -19 + 19 + -42.
21
Calculate (7 - 1) + (-3 + 20 - (59 - 0)).
-36
What is 0 + -17 - (-101 + 78)?
6
What is -9 + 15 + -7 + -8 + 31 - -8?
30
What is (18 - (11 - -29)) + (1 - -8)?
-13
Calculate 10 + -2 + -1 + 3 - (25 - 8).
-7
What is -1 - (4 + 4) - (-71 - -62)?
0
Calculate 19 + -13 + -8 + (-2 - -2).
-2
(-3 - (4 - (-5 + (16 - -7)))) + 5
16
What is 5 + (12 + 18 - 20)?
15
Evaluate 33 + -14 + 3 - 10.
12
Evaluate 9 - (-17 + 11) - (9 - 2).
8
-34 + -11 + 22 - 4 - -1
-26
Calculate -47 + -27 + 33 + 17.
-24
(-2 - (8 - 0)) + (-9 - (16 - 22))
-13
Evaluate (5 + -2 - -20) + (2 - (7 + 4)).
14
Evaluate -6 + 13 + -12 + (5 - -1) - 3.
-2
What is (6 - (-4 + 5)) + -7 - (2 + -5)?
1
Calculate (59 + -55 - (1 - 2)) + (0 - 34).
-29
22 + -11 + (1 - -11) - 3
20
Evaluate -1 + -4 - 2 - -4 - (-6 + -5).
8
0 + 6 + -6 - (-1 + (9 - 17))
9
Evaluate 1 + 0 + (10 - 3) + -8.
0
What is 6 - (0 + 1 + 8 + -12 + 24)?
-15
Calculate -17 - (-13 - -3 - 21).
14
Calculate -6 - (-6 - 6 - (-27 + 16)).
-5
Evaluate 11 + -15 + (25 + -6 - 6).
9
What is the value of -104 + 97 - (-2 + 2 - -2) - -7?
-2
Evaluate 74 - (65 + 9) - (-8 - -1).
7
0 + -11 + (-50 - -46) + 2 + 1
-12
Calculate -9 + 3 - (-197 - -186).
5
Evaluate 12 + -6 + (-5 - -4) + -1 - 22.
-18
What is 572 + -542 - (39 + 1)?
-10
What is the value of (-4 - 8 - -9) + -11 - (-4 - -10)?
-20
Evaluate (7 - (-1 - (-16 - -10))) + (-2 - 2).
-2
(19 - 40) + 33 + -17
-5
Calculate (4 - (1 + 8)) + 6 + -5.
-4
(-35 - -29 - -25) + -29
-10
Evaluate (20 - (23 + 4) - (0 + -5)) + -5.
-7
What is the value of 3 + (5 - (-12 + 6))?
14
What is the value of (-54 - 3) + (-313 - -345)?
-25
Evaluate (-27 - (-6 - 7)) + 23 + -5.
4
Calculate -15 + 8 + -18 + 30 - (1 - 25).
29
Calculate (8 - (25 + -15)) + 13 - -17.
28
Calculate (8 + -11 - -10 - 10) + (0 - 17).
-20
(35 - -3) + -26 + -31
-19
Calculate 3 - 19 - ((11 - 4 - 0) + -10).
-13
Calculate -12 + (11 - (5 - 2)).
-4
What is the value of -18 + 2 + -2 + 5?
-13
What is -6 + (5 + 1 - 1) + 3 + -2?
0
Evaluate 9 + (9 - (8 - 9)) + -5 - 1.
13
What is -1 + 11 + -3 - 17?
-10
What is the value of (54 - (-2 + 49)) + (-23 - 2)?
-18
-1 + 23 - (-421 - -434)
9
What is (0 - (5 + (4 - 7))) + 12?
10
Evaluate -5 - ((-4 - 3) + 3) - -12.
11
What is -20 - (-95 + 17 - -40)?
18
What is 46 - (23 + -14 + 28)?
9
1 + -1 - (60 - 72)
12
What is -17 + (9 - 30) - -72?
34
(-34 - (5 + -17)) + 20
-2
2 - (-1 - (-7 + 16 + -5))
7
(-11 - (10 + -24 + 10)) + -1
-8
Evaluate -44 - ((-28 - 1) + -11).
-4
What is 0 - -13 - (0 + -13 + (-5 - -22))?
9
Evaluate (-4 - -3) + -3 + 0 + -1 + 5.
0
Calculate -17 + 3 + 17 + 3.
6
-2 + (33 - -4) - (9 - (8 - 3))
31
-7 + 5 + (7 - (3 - -5)) + 16
13
Calculate 3 - (5 + (-1 - 1 - (-40 - -41))).
1
What is the value of 37 - (79 + -5 + 3)?
-40
Evaluate (-2 - 13 - -21) + -16 + 0.
-10
What is the value of -4 - (-2 + 2 + -7) - (91 - 87)?
-1
What is -14 - (-4 - 12) - -1?
3
What is the value of (0 - 3 - 4) + (-2 - -1) + 7?
-1
Calculate (-8 - 20) + 64 + -11.
25
Calculate (-33 + 16 - -17) + -11.
-11
Evaluate -6 + -11 + 20 - -10.
13
-20 + -30 - -41 - (-1 + 8)
-16
Evaluate (8 - (-5 + 4 + 17)) + (-1 - 5).
-14
(-3 - (-3 - -6)) + -7 + 4
-9
What is the value of (2 - 0 - 1) + (21 - (16 - -14))?
-8
What is the value of -6 + (4 - (-4 + 0 + 0))?
2
What is the value of (-83 - -82 - (1 + 1)) + (0 - 3)?
-6
What is the value of (8 + -12 + -8 - -28) + -9 - 26?
-19
What is -15 - (8 + -25 + 14)?
-12
Calculate -6 + (3 - 3 - 3) + 9 - -4.
4
Evaluate -8 + (17 + 25 - 16).
18
Calculate 3 - 9 - (-6 + 2 + 0).
-2
Calculate (121 - 111) + 2 + 1.
13
What is -19 + (3 - 7) + 4 + 5?
-14
What is (-39 + 10 - -11) + (-13 - (-3 + -3))?
-25
What is the value of (69 - 93 - (-8 + 1)) + 9?
-8
-2 + (29 + -4 - 0) + 1 + -5
19
12 - (2 + -2) - (-9 + 4 + 5)
12
-5 + -1 - (97 - 44 - 41)
-18
-14 + (-281 + 280 - (-1 - -10))
-24
Calculate 5 - (27 + -12 - (2 + -3 + 2)).
-9
-1 + 7 - (73 - 73) - -3 - -6
15
What is the value of (3 - (3 + -7 + 15 + 4)) + 6?
-6
5 + 0 + (14 - (3 + 2 - -1))
13
16 - (21 + 0) - 11
-16
What is 10 + (-9 - -5) + -10?
-4
What is the value of -15 + (26 - -23) - 39?
-5
Evaluate (3 - (6 + -5)) + -10 + 9 + -40.
-39
Calculate 153 + -164 - ((-13 - -3) + 2).
-3
Calculate 2 - (-9 - (-9 + -10 + 19)).
11
Calculate 49 - (45 - (-20 - -42)).
26
What is the value of (1 - -7) + 319 + -305?
22
-7 + -19 + 20 + -2
-8
What is the value of (-8 - (7 + -8 + 5)) + 7?
-5
What is the value of -2 - (-2 - 1 - (-37 + 31))?
-5
Calculate -19 + -1 + 1 + -16 + 25 - 11.
-21
What is 5 + -23 + 19 + (0 - 34)?
-33
Evaluate 37 - (40 + 0) - (13 - 0).
-16
What is the value of (6 - (-32 - (-10 - 4))) + 5?
29
Evaluate 6 + -2 + 4 - (-2 - -23).
-13
Calculate -9 + 20 - (-6 + 12 + -3).
8
Evaluate -1 + -2 + -9 - (-3 + -7 + 5).
-7
(-1 - -53) + (-2429 - -2412)
35
Evaluate (5 - (-12 + 8 + 7)) + (-3 - -1).
0
10 + (-32 - (-9 - -18))
-31
Calculate 0 + (4 - 6) + 16 + 1.
15
What is the value of 2 + 86 + -58 - (0 - -14)?
16
What is (265 - 238) + 3 + 6?
36
What is the value of -4 + (-10 - -6) + (-2 - -20)?
10
Calculate 39 + (1 - 36) - (0 + -34 + 3).
35
What is the value of 1 - 25 - (-951 - -947)?
-20
Calculate 136 - 119 - (39 + -1).
-21
Evaluate -7 + 6 + -8 + 10.
1
Evaluate -15 + (-17 - -3) + 6 - -2.
-21
Calculate -33 - (-48 + -8 - -9).
14
Evaluate (4 - 7) + -2 + (5 - 20 - -5).
-15
Evaluate -2 - 0 - 2 - (-7 - (-10 + 20)).
13
What is the value of (0 - (-24 + 9)) + -5 + 14?
24
26 - (17 + -15 - -30)
-6
What is (-2 - -1) + 13 - (863 - 852)?
1
What is the value of ((11 - 5) + 2 - 17) + 0?
-9
-7191 + 7192 + -19 + 1 + -2
-19
What is the value of 3 + (-2 + 11 - 16) - -7?
3
Calculate -